ctor of 5189?
False
Does 64 divide 30144?
True
Does 9 divide 27?
True
Is 35 even?
False
Is 592 a multiple of 8?
True
Is 3 a multiple of 3?
True
Is 149 a factor of 13768?
False
Does 8 divide 5328?
True
Is 31 a factor of 7998?
True
Does 8 divide 1469?
False
Is 65725 a multiple of 275?
True
Is 100 a factor of 2684?
False
Is 5 a factor of 8857?
False
Is 48 a factor of 26568?
False
Does 8 divide 680?
True
Does 8 divide 1441?
False
Is 12 a factor of 502?
False
Is 184 a multiple of 6?
False
Does 2 divide 34?
True
Does 10 divide 202?
False
Is 6 a factor of 10345?
False
Does 2 divide 150?
True
Is 29 a factor of 1089?
False
Is 15 a factor of 637?
False
Is 5790 a multiple of 30?
True
Is 16 a factor of 752?
True
Is 53 a factor of 1166?
True
Does 114 divide 3854?
False
Is 52 a factor of 624?
True
Does 12 divide 384?
True
Is 2 a factor of 176?
True
Is 61 a factor of 2623?
True
Is 160290 a multiple of 13?
True
Is 5340 a multiple of 38?
False
Is 33 a factor of 56841?
False
Is 32160 a multiple of 96?
True
Does 14 divide 9150?
False
Does 10 divide 19178?
False
Does 15 divide 528?
False
Does 9 divide 642?
False
Is 20230 a multiple of 10?
True
Is 7 a factor of 4508?
True
Does 25 divide 892?
False
Is 2268 a multiple of 36?
True
Is 660 a multiple of 44?
True
Is 63584 a multiple of 8?
True
Does 8 divide 1392?
True
Is 29 a factor of 6061?
True
Is 2040 a multiple of 25?
False
Does 11 divide 86130?
True
Does 141 divide 11908?
False
Is 57 a multiple of 3?
True
Does 15 divide 2010?
True
Is 127 a factor of 5963?
False
Does 4 divide 4468?
True
Is 360 a multiple of 36?
True
Is 51357 a multiple of 87?
False
Does 7 divide 7560?
True
Does 141 divide 4358?
False
Does 15 divide 78?
False
Does 379 divide 67214?
False
Does 22 divide 13178?
True
Is 29 a factor of 442?
False
Is 12 a factor of 528?
True
Is 6 a factor of 3156?
True
Does 48 divide 8496?
True
Is 51 a factor of 302?
False
Is 9 a factor of 24191?
False
Is 19912 a multiple of 76?
True
Is 58 a factor of 13082?
False
Is 9988 a multiple of 5?
False
Does 20 divide 65667?
False
Is 69 a factor of 12553?
False
Is 35 a factor of 26950?
True
Is 133 a factor of 15329?
False
Is 3 a factor of 77?
False
Is 72 a factor of 7477?
False
Does 22 divide 1043?
False
Is 690 a multiple of 30?
True
Is 4 a factor of 1648?
True
Is 9 a factor of 171?
True
Is 4 a factor of 215?
False
Is 6356 a multiple of 15?
False
Does 14 divide 89264?
True
Is 84 a factor of 21000?
True
Is 504 a multiple of 24?
True
Is 62 a factor of 324?
False
Does 55 divide 9900?
True
Does 35 divide 11278?
False
Is 34 a factor of 82858?
True
Is 20 a factor of 540?
True
Does 138 divide 3469?
False
Is 2494 a multiple of 86?
True
Is 20 a factor of 5541?
False
Is 7 a factor of 1776?
False
Is 11 a factor of 450?
False
Is 29 a factor of 1421?
True
Is 223 a factor of 6690?
True
Is 2 a factor of 178?
True
Is 75 a factor of 25350?
True
Is 16 a factor of 336?
True
Is 126 a multiple of 43?
False
Does 5 divide 13454?
False
Does 109 divide 7639?
False
Does 10 divide 690?
True
Does 7 divide 43285?
False
Does 14 divide 42?
True
Is 7 a factor of 806?
False
Does 2 divide 22?
True
Is 1181 a multiple of 25?
False
Is 33 a factor of 1402?
False
Is 4 a factor of 260?
True
Does 76 divide 2128?
True
Does 16 divide 14512?
True
Is 720 a multiple of 12?
True
Is 78 a factor of 2730?
True
Is 15 a factor of 16260?
True
Does 98 divide 6076?
True
Does 24 divide 792?
True
Is 10118 a multiple of 8?
False
Is 12 a factor of 221?
False
Is 12 a factor of 309?
False
Is 924 a multiple of 22?
True
Does 13 divide 1120?
False
Is 146 a factor of 22043?
False
Is 21422 a multiple of 87?
False
Is 7 a factor of 332?
False
Is 63 a factor of 15372?
True
Does 94 divide 27448?
True
Does 90 divide 1484?
False
Is 1084 even?
True
Is 9 a factor of 4104?
True
Does 4 divide 745?
False
Is 1116 a multiple of 62?
True
Is 16 a factor of 736?
True
Is 1739 a multiple of 12?
False
Does 11 divide 4708?
True
Is 2652 a multiple of 68?
True
Is 62 a factor of 1860?
True
Is 3 a factor of 141?
True
Is 405 a multiple of 37?
False
Does 18 divide 23076?
True
Does 23 divide 85054?
True
Is 9 a factor of 2336?
False
Is 2080 a multiple of 13?
True
Is 105 a factor of 15120?
True
Does 3 divide 216?
True
Is 690 a multiple of 15?
True
Does 24 divide 64608?
True
Is 2737 a multiple of 17?
True
Is 12 a multiple of 4?
True
Is 24 a multiple of 4?
True
Does 263 divide 62224?
False
Does 7 divide 2828?
True
Is 20 a factor of 1707?
False
Is 12 a factor of 583?
False
Is 37 a factor of 5990?
False
Does 7 divide 420?
True
Does 41 divide 18231?
False
Is 83433 a multiple of 14?
False
Is 659 a multiple of 13?
False
Does 39 divide 156?
True
Does 20 divide 1340?
True
Is 13 a factor of 6566?
False
Does 185 divide 10941?
False
Does 15 divide 3540?
True
Is 29 a factor of 3340?
False
Is 27 a factor of 10125?
True
Is 102 a multiple of 13?
False
Is 38 a factor of 4104?
True
Does 14 divide 13146?
True
Is 1420 a multiple of 57?
False
Is 244 a multiple of 4?
True
Is 10462 a multiple of 132?
False
Is 1648 a multiple of 14?
False
Is 2968 even?
True
Does 21 divide 29693?
False
Is 96 a factor of 288?
True
Is 49220 a multiple of 20?
True
Does 18 divide 918?
True
Does 19 divide 1767?
True
Does 3 divide 54?
True
Does 127 divide 4380?
False
Does 75 divide 4108?
False
Is 13627 a multiple of 123?
False
Is 35 a factor of 528?
False
Is 79 a factor of 4029?
True
Is 42 a factor of 984?
False
Does 7 divide 1086?
False
Does 13 divide 1053?
True
Is 396 a multiple of 18?
True
Is 44 a factor of 44?
True
Is 26912 a multiple of 8?
True
Is 102312 a multiple of 147?
True
Is 16 a factor of 2931?
False
Does 76 divide 89767?
False
Is 81767 a multiple of 83?
False
Is 2086 a multiple of 50?
False
Does 150 divide 149250?
True
Does 2 divide 91?
False
Is 754 a multiple of 13?
True
Is 1495 a multiple of 5?
True
Is 5 a factor of 88?
False
Is 3 a factor of 16?
False
Is 2067 a multiple of 115?
False
Is 6 a factor of 1891?
False
Is 5 a factor of 1694?
False
Does 38 divide 2204?
True
Is 66 a factor of 17160?
True
Is 68850 a multiple of 75?
True
Is 16 a factor of 104?
False
Does 31 divide 403?
True
Is 94 a factor of 4512?
True
Is 309 a multiple of 39?
False
Is 8 a factor of 776?
True
Does 12 divide 6734?
False
Is 6811 a multiple of 12?
False
Does 6 divide 9566?
False
Is 81 a factor of 13203?
True
Is 13 a factor of 52?
True
Is 1353 a multiple of 3?
True
Is 7 a factor of 301?
True
Does 12 divide 734?
False
Is 8 a factor of 4248?
True
Is 3 a factor of 205?
False
Does 92 divide 23164?
False
Is 66 a factor of 690?
False
Is 3644 a multiple of 29?
False
Is 24 a factor of 864?
True
Is 533 a multiple of 41?
True
Is 4140 a multiple of 46?
True
Is 19 a factor of 885?
False
Is 155 a multiple of 116?
False
Does 7 divide 16884?
True
Is 5066 a multiple of 5?
False
Is 115 a multiple of 4?
False
Does 9 divide 450?
True
Is 40 a factor of 8574?
False
Does 18 divide 497?
False
Is 4748 a multiple of 40?
False
Does 84 divide 22344?
True
Is 265 a multiple of 19?
False
Is 92 a factor of 8731?
False
Is 462 a multiple of 24?
False
Is 3 a factor of 194?
False
Is 5 a factor of 1165?
True
Is 5 a factor of 171?
False
Is 101 a factor of 6617?
False
Is 2 a factor of 228?
True
Is 56 a factor of 32712?
False
Is 60 a factor of 10652?
False
Is 22365 a multiple of 213?
True
Is 1389 a multiple of 21?
False
Is 4158 a multiple of 21?
True
Does 68 divide 2561?
False
Does 10 divide 27246?
False
Is 21931 a multiple of 91?
True
Does 59 divide 2822?
False
Is 66 a factor of 886?
False
Does 6 divide 4594?
False
Is 483 a multiple of 21?
True
Is 140 a factor of 1680?
True
Does 63 divide 632?
False
Is 25424 a multiple of 112?
True
Is 787 a multiple of 76?
False
Is 9 a factor of 366?
False
Does 14 divide 26964?
True
Is 82 a factor of 13784?
False
Does 40 divide 550?
False
Is 9 a factor of 1679?
False
Does 14 divide 1164?
False
Is 5822 a multiple of 136?
False
Is 13 a factor of 12085?
False
Is 250 a multiple of 10?
True
Is 600 a multiple of 50?
True
Is 2 a factor of 70?
True
Is 858 a multiple of 57?
False
Is 6 a factor of 695?
False
Is 880 even?
True
Does 109 divide 5123?
True
Is 1555 a multiple of 4?
False
Is 1392 a multiple of 8?
True
Is 36 a factor of 13553?
False
Is 639 a multiple of 8?
False
Is 13856 a multiple of 32?
True
Is 9737 a multiple of 80?
False
Does 100 d